 k + r. What is the tens digit of n?
2
Suppose 54 - 210 = -13*s. Suppose -461 = s*z - 2417. What is the hundreds digit of z?
1
Suppose -3*h + t + t = -75, 0 = -5*h + t + 125. Let p = h + -23. What is the units digit of -40*(-4)/p*2/4?
0
Suppose -c = 8*o - 3*o - 224, -5*c = -2*o - 1066. Suppose 0 = 5*j + 2*r - 69 - c, -5*j - 5*r + 280 = 0. Suppose h - 60 = j. What is the tens digit of h?
1
Let g be 1460/4 + 2/(-1) + 0. Let f = 785 - g. What is the units digit of f?
2
Let u = -23992 - -59434. What is the units digit of u?
2
Suppose 235*b = -98*b + 5879448. What is the hundreds digit of b?
6
Let p = 369 - 800. Let b = p + 927. What is the hundreds digit of b?
4
Suppose -283*m + 177*m + 424954 = 0. What is the thousands digit of m?
4
Let s = 16 - 10. Let k(f) = -2*f**2 + 3*f - 8. Let l be k(s). What is the units digit of l*1*(-4 + 3)?
2
Let f(s) = -12*s - 20. Let j be f(-2). Suppose 2*c - 936 = -4*t, -692 = -4*t + t - j*c. What is the hundreds digit of t?
2
What is the thousands digit of (4 + -1 - 9 - (-21)/3)*4556?
4
Suppose 20856 + 63006 = 10*c - 11318. What is the hundreds digit of c?
5
Let n be 4*1*(-24)/(-32). Let z(y) = 5*y + 321. Let c be z(22). Suppose -38 = n*v - c. What is the hundreds digit of v?
1
Let c(k) = 2*k - 27. Let s = -36 - -52. Let r be c(s). Suppose -q = -r*q + 176. What is the units digit of q?
4
Let b = -5955 - -31003. What is the hundreds digit of b?
0
Let p = 10188 + 24230. What is the tens digit of p?
1
Suppose 102*b - 91*b = 0. Suppose y - 2*y + 734 = -2*v, 5*y - 2*v - 3630 = b. What is the hundreds digit of y?
7
Let v be ((-11408)/40)/(6/(-15)). Suppose 10*d - 387 = v. What is the hundreds digit of d?
1
Let p(i) = -i**3 - 10*i**2 - 6*i - 14. Let u = 109 + -120. Let a be (u/2)/(17/34). What is the tens digit of p(a)?
7
Suppose -t + 2*x = -840 + 195, 2625 = 4*t + x. What is the units digit of t?
5
What is the tens digit of (2 - 977)*((-15)/(-5) - 4)?
7
Let f(r) = 7*r**2 - r + 6. Let c be (18/(-5))/(7/175). Let w be (c/4)/5 - (-15)/10. What is the units digit of f(w)?
2
Let w be ((-1 + -2)/3)/(2/(-10)). Let g = 28 - 26. Suppose g*u = w*u - 309. What is the hundreds digit of u?
1
Let u(t) = -2*t**2 - 323*t - 29. What is the units digit of u(-39)?
6
Suppose 6166 = 2*k - 5664. What is the thousands digit of k?
5
What is the hundreds digit of (2/9)/(82/2007729)?
4
Let p(v) = -125*v + 1759. What is the hundreds digit of p(2)?
5
What is the hundreds digit of ((-10521)/6)/(-1) + 19 + (-561)/34?
7
Let m be (6/8)/(-6*(-5)/80). Let w(a) = 11*a + 43*a**m - 4 + 17 + 3. What is the tens digit of w(-2)?
6
Let v = -5781 - -13856. What is the tens digit of v?
7
Let y(d) = 2*d**3 + d**2 + d + 67. Let x be y(0). Suppose 2*c = 3*b + 141, -b - 40 = -2*c - c. Let f = x + b. What is the tens digit of f?
1
Let o = -39 + 49. Suppose 14*s - o*s - 1810 = -2*c, -905 = -c + 3*s. What is the units digit of c?
5
Suppose -4*r = -132*o + 136*o - 84, 2*r = 3*o + 67. Let z = 5 + -9. What is the tens digit of (-4 - z)/(-2) + r?
2
Let l = -54 - -11. Let u = -43 - l. Let y(p) = -p**2 + p + 95. What is the units digit of y(u)?
5
What is the ten thousands digit of 17411/2415*15*238?
2
Let d = -21539 - -43562. What is the hundreds digit of d?
0
Let q(d) = -d**3 + 3*d**2 + 12*d - 5. Let b be q(8). Let o = b - -289. What is the tens digit of o?
6
Let p(f) = -69*f + 39. Let w(s) = s - 2. Let m(v) = -p(v) - 12*w(v). What is the hundreds digit of m(7)?
3
Suppose 0 = -2552*v + 2525*v + 1068066. What is the hundreds digit of v?
5
Let n = -8 + 4. Let c(y) be the first derivative of 4*y**3/3 + 5*y**2/2 - 2*y + 579. What is the tens digit of c(n)?
4
Let k = -35482 + 105282. What is the ten thousands digit of k?
6
Let z(q) = 527*q**2 + 34*q + 346. What is the tens digit of z(-10)?
0
Suppose -3*b + 72800 = 11*p, -p + 67481 = 5*b - 53835. What is the units digit of b?
3
What is the units digit of (12/14)/(4/(-397740)*-15)?
2
Suppose -2*l - 7 = -9, 12 = 3*f + 3*l. Suppose -i = 2*i, -q = -3*i - 3. Suppose 2*d - 445 = -f*n - q*d, d + 555 = 4*n. What is the units digit of n?
0
What is the units digit of 9/3 + -4 + 72 + 10805?
6
Let n = 243 - 241. Let p(c) = 46*c - 21. What is the units digit of p(n)?
1
Suppose 0 = l + 2*n - 19242, -22*l + 3*n + 96236 = -17*l. What is the thousands digit of l?
9
Let x be (176/10)/((7/10)/7). Let d = x + -264. What is the tens digit of ((-33)/(-6) + -2)/((-4)/d)?
7
Let q(n) = -2*n + 31. Let h be q(14). Suppose 5*w - 2*g + 6 = 4*w, h*w = -2*g + 14. What is the hundreds digit of (-2)/((-4)/394) + (1 - w)?
1
Suppose -725758 = 69*l - 190*l. What is the units digit of l?
8
Let g be -12*(15/(-4))/(-3). What is the units digit of (264/4)/(1/((-10)/g))?
4
Let r = -19460 + 25915. What is the tens digit of r?
5
Let x(t) = -4*t**2 + 379 + 17*t**2 + 11*t - 398. What is the units digit of x(-6)?
3
Let r = 435 + -427. What is the hundreds digit of -339*1*(r - 196/21)?
4
Let o(c) = c + 22. Let f be o(-21). Let p(s) = 163*s**3 + 8*s - 7. What is the tens digit of p(f)?
6
Suppose 114*x + 141*x - 1927545 = 0. What is the hundreds digit of x?
5
Suppose -3*t - 5*l = -75547, 11*l - 15*l + 25187 = t. What is the units digit of t?
9
Suppose -37*s = -44*s. Suppose s = 15*j + 170 - 1805. What is the tens digit of j?
0
Suppose -5*p - 46965 = -4*z - 10715, 8*z - 72530 = 5*p. What is the hundreds digit of z?
0
Let o = -560 - -570. Let s = 923 + 330. Suppose 0 = o*u + 23 - s. What is the hundreds digit of u?
1
Let b be ((-175)/(-14) + -5)/((-9)/48). Let k(t) = 2*t**2 + 51*t - 148. What is the thousands digit of k(b)?
1
Suppose -50*o - 98*o + 4424063 = -29*o. What is the hundreds digit of o?
1
Let l be ((-2)/(-15)*5)/((-2)/(-180)). What is the tens digit of 21788/l - 8/60?
6
Let c(p) = 9*p**2 - 9*p + 0 + 7 - 8*p + 10*p. What is the tens digit of c(5)?
9
Suppose -43 = 5*u + 4*z, 2*u = -5*z - 5 - 19. What is the units digit of (-49)/(0 + u)*(-2 + 208)?
2
Suppose -3*b + 3*g + 26025 = 0, 12303 = 7*b + 3*g - 48472. What is the hundreds digit of b?
6
Let q(k) be the first derivative of 15*k**2/2 - 3*k - 33. Let a be q(7). Let g = 18 + a. What is the units digit of g?
0
Let k(d) = 90*d - 265. Let h be k(43). Suppose 3*l - 4504 = -2*l + 2*r, -r - h = -4*l. What is the hundreds digit of l?
9
Suppose 16*y + 6077 = 54813. What is the units digit of y?
6
Let d(t) = -11*t + 147. Let l = -82 + 88. What is the units digit of d(l)?
1
Suppose 6*m - 4326 = -m. Suppose -3*o + m + 1398 = 0. Suppose -3*y - 3*y = -o. What is the units digit of y?
2
Suppose -1544*c - 15946 = -1546*c. What is the units digit of c?
3
Let m be 1358/(-8) - (-2)/(-8). Suppose 21*p + 1455 + 477 = 0. Let b = p - m. What is the units digit of b?
8
Let x(c) = 27739*c**2 - 158*c - 156. What is the ten thousands digit of x(-1)?
2
Let o(c) = 2*c + 35. Let z be o(-16). Suppose 2*f - 10 = -z*f. Suppose 6*v - 328 = f*v. What is the units digit of v?
2
Let k(w) = -3383*w + 1339. What is the thousands digit of k(-11)?
8
Let c(a) = a**3 + 62*a**2 - 13*a - 544. What is the tens digit of c(-60)?
3
Suppose 607*z = 622*z - 197190. What is the units digit of z?
6
Let b be (-2)/(-12)*-3*2696/4. Let i = 31 - b. What is the units digit of i?
8
Suppose -b = 0, -11528 = 42*r - 44*r - 4*b. What is the hundreds digit of r?
7
Suppose 8585 = 5*l + 2335. Suppose -19*x = -14*x - l. What is the hundreds digit of x?
2
Suppose -41*x - 6 = -39*x. Let q(v) = v**2 + 7*v - 5. Let b be q(x). Let h(u) = 2*u**2 + 19*u + 5. What is the tens digit of h(b)?
6
Let b be ((-26)/(-3))/((-4)/(-66)). Suppose 807 = 4*c - 2*p - b, 0 = -4*c - 2*p + 954. What is the tens digit of c?
3
Let h(u) = 5*u**3 - 15*u**2 + 20*u + 4. Let j(d) = -7*d**3 + 15*d**2 - 20*d - 5. Let f(v) = -3*h(v) - 2*j(v). What is the units digit of f(10)?
8
Let c(h) = 9*h**2 + 116*h + 51. What is the tens digit of c(-41)?
2
Let x(q) = -6*q**3 + 5*q**2 - 2. Suppose -243*h + 236*h = 14. What is the units digit of x(h)?
6
Suppose -17*l = -3*l + 25863 - 166255. What is the tens digit of l?
2
Suppose 81*a + 8992 = 85*a. What is the thousands digit of a?
2
Let v(o) = 9*o**2 - o + 6. Suppose x + 0 = -3. Let k be x*1*(-1)/(6 - 5). What is the tens digit of v(k)?
8
Suppose -14*l + 9*l = -10. Suppose s - 880 = -5*h - l*s, 3*s + 504 = 3*h. What is the tens digit of h?
7
Let t(u) = -u**3 + 19*u**2 - 7*u - 2